 - 5*z**2 - z**3 - 3*z**d. Give t(-6).
-6
Suppose -2*p = -6*p - 116. Let a = -19 - p. Let s = a + -5. Let v(f) = -f - 3. Give v(s).
-8
Let g be ((-4 - 0)/(-4))/((-2)/(-18)). Let z(j) = -j**2 + 10*j - 5. What is z(g)?
4
Let y(n) be the second derivative of n**5/20 + n**4/6 - n**3/3 - 3*n**2/2 - n. Let x be 2*1/4*8. Let u = -6 + x. Calculate y(u).
1
Let v(a) = -a**3 + 3*a - 4. Let w(p) = 2*p**3 - 6*p**2 - p. Let f be w(3). Calculate v(f).
14
Let m be -2 + 1 + (-2 - -11). Suppose 0*f + 23 = 5*t - f, 4*f = m. Let h(d) = d**2 - 4*d + 1. Calculate h(t).
6
Let c be 4/(12/5)*3. Suppose 0*y = -y - k + 3, 0 = 4*y - 5*k - 3. Let l(b) = b - b**y + 4*b - 4 - b. Calculate l(c).
-9
Let u(c) be the first derivative of c**4/4 - 4*c**3/3 - 4*c**2 + 6*c - 14. Determine u(5).
-9
Suppose -3*h = 3*n - 5 - 16, -h + n - 3 = 0. Let y(i) = 12*i - 4 - i**2 + 9*i - 13*i - h. Determine y(6).
6
Let k(f) = -f**3 + f. Let v(x) = -4*x**3 - 3*x**2 + 3*x + 2. Let n(a) = 5*k(a) - v(a). Calculate n(4).
-10
Let q(d) = d**3 + 5*d**2 + d - 5. Let k(x) be the second derivative of x**5/5 + 5*x**4/3 + 5*x**3/6 - 10*x**2 - 3*x. Let r(p) = -2*k(p) + 9*q(p). What is r(-5)?
0
Let c(v) be the second derivative of 7*v**5/20 - v**4/12 + v**3/6 - v**2/2 - 4*v. Determine c(1).
6
Let t(k) = -k**2 - k. Let z(j) = j**2 - 7*j - 1. Let w(m) be the first derivative of 4*m**2 - m + 2. Let f be w(1). Let v be z(f). Give t(v).
0
Let s(q) = 11*q**3 - 4*q**2 - 4*q + 3. Let w(n) = -n**2 - n + 1. Let b(l) = 3*l**3 + l. Let j be b(-1). Let o(y) = j*w(y) + s(y). Give o(1).
10
Let b(p) = -p - 6. Let o(v) = -2. Let c(u) = 2*b(u) - 6*o(u). Let f = -5 - -9. What is c(f)?
-8
Let y(m) = 2*m**2 + 2. Suppose -v + 4 = v. Suppose 4*r + v = -6. Give y(r).
10
Let h(f) = -3*f + 82. Let p be h(29). Let n(o) = -o**3 - 6*o**2 - 3*o + 5. Determine n(p).
-5
Let b(o) = 5*o - 12. Let i be b(4). Let y(d) = -d**3 + 9*d**2 - 6*d - 11. What is y(i)?
5
Let h(d) = 5*d**2 - 9*d + 5. Let n(a) = -4*a**2 + 8*a - 4. Let y be (8/10)/((-7)/35). Let u(o) = y*n(o) - 3*h(o). Give u(4).
-3
Let k(h) = -16*h**3 - 31*h**2 - 11*h - 1. Let s(x) = 3*x**3 + 6*x**2 + 2*x. Let p(b) = 2*k(b) + 11*s(b). Determine p(-3).
7
Let f(w) = -5*w**2 + 4*w**2 + 2*w**2 + 3 - 2*w - 2*w**2. Give f(-4).
-5
Let b(i) = 2*i**2 - 7*i + 4. Suppose t - 5*d - 12 = 3*t, 5*d = -20. Calculate b(t).
8
Let c(z) = z**3 - 4*z**2 + 3*z - 1. Suppose -25 + 15 = -5*p. Calculate c(p).
-3
Let g(d) = -3*d + 5. Let j be 0 - 9/((-45)/(-4))*-10. What is g(j)?
-19
Let p(v) = -19*v - 3 + 8*v + 3*v**2 - 2*v**2 + 5*v. What is p(5)?
-8
Let z = -14 + 23. Let t(l) = l**2 + z + 0*l**2 - 5*l - 2*l. Let b be t(6). Let o(n) = n**3 - 3*n**2 - 3*n. Determine o(b).
-9
Let k(q) = q**2 - q. Let d be k(0). Let t be d + 2/(-1) - 4. Let i = 2 + t. Let l(p) = p**2 + 3*p - 1. Give l(i).
3
Let t(q) = 3*q - 13*q**2 - 9*q**2 + 17*q**2. Calculate t(2).
-14
Let r be (-48)/(-9) + (-6)/(-9). Let h = 0 + r. Suppose 2 = -3*c + 14, 5*q + 4*c = h. Let j(t) = 3*t**2 + 2*t. What is j(q)?
8
Let w(f) = f**2 - 6*f + 5. Let m(o) = -o**2 + 6*o - 5. Let t be m(3). Give w(t).
-3
Let q(h) = -15*h + h**2 + 9*h + 1 - 6 + 2. Give q(5).
-8
Let n(p) = p**3 + 5*p**2 - 6*p - 8. Let g = -11 - -5. Give n(g).
-8
Let p(w) = w**2 + w + 16. Let r = 12 - 12. Give p(r).
16
Let l be (-12)/(-16) + (-2)/(8/55). Let o(q) = q**3 + 14*q**2 + 12*q - 9. What is o(l)?
4
Let w(n) be the second derivative of -n**5/60 + n**4/4 - 5*n**3/3 + 3*n. Let c(y) be the second derivative of w(y). Give c(5).
-4
Let q(l) = 1. Let m(v) = -v + 6. Let p(s) = m(s) + 5*q(s). Determine p(7).
4
Let z(x) = x**2 + 1. Suppose -4*r - 19 - 5 = 0. Let v(l) = -2*l - 12. Let d be v(r). What is z(d)?
1
Let m(a) = -1 - 3 - a - 3 + 9. Let q = 0 + 6. What is m(q)?
-4
Let x(j) = -j**2 + 2*j + 3. Let n be x(-2). Let l = 2 + n. Let h = l - -8. Let p(q) = -q**3 + 6*q**2 - 7*q + 7. What is p(h)?
-3
Let u(m) = -2*m + 6. Suppose 3*w - 26 = 2*d - 3, 40 = -5*d + 4*w. Let t be 1 + (d + 3)*-3. Calculate u(t).
-2
Let a(q) = 6*q + 6. Let m be a(-2). Suppose -3 = -z + 1. Let h be ((-8)/12)/(z/m). Let g(l) = 3*l**3 + l**2 - 1. Give g(h).
3
Let u = -1 - -3. Let h(i) = u*i**3 - 1 - 2*i**3 + 5*i + 3 + i**3 + 5*i**2. Calculate h(-3).
5
Suppose 5*w - 3 - 7 = 0. Let s(j) = -2*j**3 + j**2 + 4*j - 3. Calculate s(w).
-7
Let v(j) = j + 8. Let m(i) = 3*i + 24. Let c be m(-10). Give v(c).
2
Let z = -16 - -18. Let l(j) = 2*j**2 - 3*j. Calculate l(z).
2
Let r(m) = -9*m**2 - 3*m. Let b(z) = -z. Let t(q) = 3*b(q) - r(q). What is t(-1)?
9
Let n(f) = 6*f. Let z be 4*3*(-1)/(-6). Let w = 33 + -30. Suppose 0*l - 2*u = l - 5, -z*u = -w*l - 9. Determine n(l).
-6
Let m(s) = -4*s + 1. Let y = 2 + 2. Let z(p) = -2*p + 9. Let a be z(6). Let q = y + a. Give m(q).
-3
Let q = 5 + -5. Let z(v) be the third derivative of v**6/120 + v**5/60 - 5*v**3/6 + v**2. Let m be z(q). Let i(y) = -2*y - 2. Give i(m).
8
Let f(b) be the second derivative of b**5/20 + 7*b**4/12 + b**3/2 - 4*b**2 - 9*b. What is f(-6)?
10
Let t(g) = g**3 + 7*g**2 + 5*g. Let d be t(-6). Let r(b) = 2*b**2 + 8 - 17*b - 3*b**2 + 22*b. Determine r(d).
2
Let x(c) = c. Suppose -n - b - 8 = 0, -5*b + 1 = -2*n - 2*b. Let t = n + 6. Suppose 8 = 3*p - t. Determine x(p).
3
Let i(w) be the third derivative of -w**6/120 - w**5/10 - 5*w**4/24 + 2*w**3/3 + w**2. What is i(-5)?
4
Let p(a) be the first derivative of -a**3/3 + a**2/2 - 7*a + 6. Let j(w) = w - 7. Let i be j(7). Give p(i).
-7
Let h(q) = -11*q - 9*q + 21*q - 1. Determine h(3).
2
Let z(p) = -3*p - 3. Let c(m) = 7*m + 7. Let k(s) = -4*c(s) - 9*z(s). Suppose -3*y = -3*j - 15, -3*y + 5*j + 18 + 5 = 0. What is k(y)?
-2
Let z(c) = 2*c**3 + 4*c**2 - c - 1. Suppose -5*o + b - 10 = 0, -4*o + 2*b - 6*b = 32. Give z(o).
-16
Let g(i) be the first derivative of -i**4/4 - 7*i**3/3 - 3*i**2 + 4*i - 7. Suppose 2*d = 2*w + 6*d + 32, -3*w = -2*d + 8. What is g(w)?
4
Suppose 4*i - 20 = 2*f, 4*f - 20 = -7*i + 3*i. Suppose -a + f = -2. Let r(d) = 5 - 2*d**a + 1 + 5*d + d**2. Calculate r(5).
6
Let s(c) = -2 + 0 - 1 - 2*c + 14. Determine s(8).
-5
Let w(z) = -z**2 + 6*z + 3. Let j(t) = 5*t - 2. Let v be j(1). Suppose v*o - o = -5*a + 45, 0 = -2*a - 3*o + 29. Determine w(a).
-4
Let g be (12 - 11) + (-4)/6. Let k(z) be the first derivative of 2 + 0*z + g*z**3 + 2*z**2. What is k(-3)?
-3
Let y(o) = -o + 3. Let u be y(-6). Let z be (-8)/36 + (-92)/(-9). Let i = u - z. Let r(x) = -6*x**2 - 2*x - 1. What is r(i)?
-5
Suppose -3 = -3*j + 3. Let d(v) = -5 - 12*v - j*v**2 + 8*v + 3. What is d(-3)?
-8
Let u(o) = -o + 2. Let w(j) = -j + 3. Let b be w(3). Let q(k) = k**3 + k**2 - k + 4. Let f be q(b). Determine u(f).
-2
Let r(l) = 2*l**2 - 13*l + 8. Let v be r(6). Let n(m) = 0*m**2 + 7*m - 2*m**2 - 4*m + 0*m**2. Calculate n(v).
-2
Let f(u) = u. Let c(v) = v**2 - v + 1. Suppose -2*w + 11 + 1 = 0. Let b(m) = w*f(m) - c(m). Give b(5).
9
Let s(q) = q**3 - 4*q**2 + q + 3. Suppose 2*w + 2*a = -0*w, 2*a = 5*w - 21. Determine s(w).
-3
Let f(p) = -p**2 - 5*p. Let r(w) = 2*w**3 + 5*w**2 + 6*w + 35. Let v(n) = n**3 + 3*n**2 + 3*n + 17. Let x(b) = -3*r(b) + 7*v(b). Let z be x(-6). Determine f(z).
4
Suppose m = 3*m - 6. Let u(l) = -l**3 + 4*l**2 - 2*l - 2. Let k be u(m). Let f(i) = 10*i + 7. Let z(j) = 15*j + 10. Let w(o) = 7*f(o) - 5*z(o). Calculate w(k).
-6
Let w be (-1 + 0)*(1 - 0)*-3. Let p(s) = s**3 - 3*s**2 - 4*s + 2. What is p(w)?
-10
Let f = 10 - 8. Let r(g) be the second derivative of 2*g + 0*g**f - 5/12*g**4 + 0 + 1/6*g**3. Calculate r(1).
-4
Let d(g) be the third derivative of -1/2*g**3 - 1/12*g**5 - 6*g**2 + 1/120*g**6 - 1/4*g**4 + 0 + 0*g. Determine d(6).
-3
Let t(g) = -3*g + 2*g + 0*g. Suppose -k + 2 = -3. Give t(k).
-5
Let w(v) = v**3 + 2*v**2 - 3*v + 3. Let a be w(-3). Suppose -4*o + 20 = 0, 2*j - 20 = -a*j - 4*o. Suppose j*p = -5*p - 5. Let z(g) = -4*g + 1. Give z(p).
5
Let c(o) be the second derivative of -2*o**3/3 + 2*o**2 - o. What is c(3)?
-8
Let c(w) = 5*w - 9. Let b(z) = 14*z - 26. Let p(d) = 4*b(d) - 11*c(d). Calculate p(4).
-1
Let c be -1*1/(2/(-24)). Let r(d) = c + 2*d - 11 - 4*d + 0*d. Calculate r(-3).
7
Let u(n) = -4*n - 1. Suppose 1 = -4*l - 7. What is u(l)?
7
Let b(q) = q**2 + 10*q - 9. Let u(c) = -3*c**2 - 29*c + 26. Let d(k) = -17*b(k) - 6*u(k). Determine d(-3).
-6
Let y(q) be the first derivative of -q - 1 - 1/2*q**2 - 1/3*q**3. Determin